 of m(12)?
7
Suppose -4*m + 7 + 5 = 0. Suppose -p + m*f = p - 21, -4*p = f - 7. What is the units digit of p?
3
Let c(t) = t**3 - 6*t**2 - 6*t - 6. Suppose 0 = k - 0 - 2. Suppose -3*s - k*s = -35. What is the units digit of c(s)?
1
Suppose h = 4*h - 18. What is the units digit of h?
6
What is the hundreds digit of (-4*135/(-35))/(2/21)?
1
Let k = -6 - -12. Let m be (21/k)/(2/4). Suppose -2*d + 1 = -m. What is the units digit of d?
4
Let i(l) be the third derivative of l**4/12 + l**3/6 + 3*l**2. What is the units digit of i(7)?
5
Suppose p + y + 11 = 5*p, -2*p + 13 = -3*y. Let s be p/11 - (-306)/11. Let r = s - 15. What is the units digit of r?
3
Let k(h) = -6*h + 5. What is the tens digit of k(-4)?
2
Suppose -x = 3*y - 5*x - 6, -5*y = 2*x + 16. What is the units digit of 12*y*(-2)/8?
6
Let m be (1 + (-21)/(-3))/2. Suppose m*w + 28 = -0*w. Let p = w - -15. What is the units digit of p?
8
Let r be (2 - -2)*(-10)/(-8). Suppose -1 = 4*m - r*y, -2*m - 3*y = -y - 22. What is the units digit of m?
6
Let g(f) = 2*f - 1. Let r be g(-2). Let o be (3/(-5))/(1/r). Suppose 0 = -o*n - 0*n + 18. What is the units digit of n?
6
Suppose -27 = 2*p + 13. Let n = -18 - p. What is the units digit of n?
2
Let p(k) = 49*k - 6. What is the units digit of p(2)?
2
Let a be (-10)/(-8) + (-3)/12. Let c be 0/(-4)*(a + 0). Suppose c = -q - 0*q + 5. What is the units digit of q?
5
Let i be 1/(-2) - 71/2. What is the units digit of 2/(-6) + (-228)/i?
6
Let b = 139 + -88. Suppose -4*v + 4*o + b + 41 = 0, 2*v - 58 = 5*o. What is the tens digit of v?
1
Suppose 4*q = 8, 0 = -4*h - h + 5*q - 25. Let a = 1 - h. Suppose -12 = -a*i - 4. What is the units digit of i?
2
Let p be (-9)/(2/(-2 - -4)). Let w = 11 + p. Suppose w*b - 3*b = -u + 26, b = -4*u + 84. What is the units digit of u?
2
Suppose 7*r = 710 + 802. What is the tens digit of r?
1
Suppose 0 = 3*n - 11 + 2. What is the units digit of n?
3
Suppose -12*a + 2532 + 492 = 0. What is the tens digit of a?
5
Let k(v) = -v**3 + 8*v**2 + v - 11. Let i be k(8). What is the units digit of 22/4 - i/6?
6
Suppose 5*x - 10 = 3*x. Suppose -x*u + 3 = -12. What is the units digit of 17/u + 2/6?
6
Suppose -88 - 328 = -8*h. What is the units digit of h?
2
Suppose t - 18 = 3*m, 2*t + 4*m = m + 9. Suppose -2*u = -33 - t. What is the tens digit of u?
2
Suppose 20*j - 18*j = 272. What is the tens digit of j?
3
Suppose -2*r - 88 = -6*r. What is the tens digit of r?
2
Suppose -4*v + 5*v + 5 = 0. Let t = 3 - v. What is the units digit of t?
8
Let x be (-4 - 0)/(-1) - -1. Let p = 19 - x. What is the units digit of p?
4
Let y(v) = 2*v - 9. Let w be y(7). Suppose w*c - 3*g = 57, -6*g = c - 2*g - 16. Let l = -4 + c. What is the units digit of l?
8
Let y(g) = -9*g + 1. Let o = 0 - 1. What is the units digit of y(o)?
0
Let u be 3 + (-1)/(-1 + 0). Suppose -92 = -5*v + 4*w + 14, 2*v = -u*w + 48. What is the tens digit of v?
2
Let o(f) = f**2 + 9*f + 4. Let t be o(-9). Let b be (t/(-12))/((-2)/114). Suppose 2*m - b = -z + 4*z, z = 2*m - 17. What is the units digit of m?
8
Let z = 145 - -102. What is the hundreds digit of z?
2
Let v = 6 + -4. Suppose -4*z + 36 = v*p, 3*z = 4*p + 19 - 69. What is the tens digit of p?
1
Let r(k) = k**3 - 6*k**2 + 5. Let j be r(6). Let y = j - -17. What is the tens digit of y?
2
Let q(o) = 3*o**2 + 2*o - 2. What is the units digit of q(-4)?
8
Let l(i) be the third derivative of 0*i + 0 - 7/6*i**3 - 1/12*i**4 + i**2. What is the units digit of l(-6)?
5
Let z = -623 - -872. What is the hundreds digit of z?
2
Let q be (-1 - 720/(-4)) + 1. Suppose 0*b + 5*b - q = 0. What is the tens digit of b?
3
Suppose 3*s = -s + 4. Let z(t) = 17*t**3 - 2*t + 1. What is the tens digit of z(s)?
1
Suppose 0 = 2*r + 5*r - 707. What is the units digit of r?
1
Let v be (3 - 4/2)*-10. Let f be v/(-4)*30/25. Suppose 5*z + 33 = 5*m + 3*z, -5*m - f*z + 38 = 0. What is the units digit of m?
7
Let u be (-12)/(-20) - (-64)/10. Suppose -5 - u = 4*k. Let o = -1 - k. What is the units digit of o?
2
Let b(h) = -h**3 + 7*h**2 - 6*h + 5. Let s = 12 - 6. Let m be b(s). Suppose 2*c - 12 = -3*x + 6, m*x - 49 = 3*c. What is the units digit of x?
8
Let f = 217 + -68. What is the hundreds digit of f?
1
Let s = -2 - -37. What is the units digit of s?
5
Let h(g) = -3*g - 7. Let v be h(3). Let y be 2/((-1)/((-29)/2)). Let s = v + y. What is the units digit of s?
3
Let o(y) = y**3 + 6*y**2 + 2*y + 6. Let t be o(-5). Let n = 34 - t. What is the tens digit of n?
1
Let j(z) = -5*z - 20. What is the units digit of j(-6)?
0
Suppose 255 = -z + 6*z. What is the units digit of z?
1
Suppose -3*f = -2 - 1. What is the units digit of f?
1
Let g(l) = -44*l + 22. What is the units digit of g(-6)?
6
Let t = 26 - 13. Suppose 0 = -a - 0*a + t. What is the units digit of a?
3
Let y = -13 + 15. Suppose 130 = 3*c + y*c. What is the tens digit of c?
2
Let r = 12 - -61. What is the tens digit of r?
7
Suppose -j + 123 = 2*l + 20, 2*j - 2*l - 182 = 0. What is the units digit of j?
5
Let z(r) be the first derivative of r**4/4 - 8*r**3/3 - 9*r**2/2 + 8*r + 1. Let b(t) = 4*t + 9. Let f be b(0). What is the units digit of z(f)?
8
Let r(b) = 2*b**2 - 6*b. Suppose 0 = 4*n - 0 - 20. What is the tens digit of r(n)?
2
Let y(r) = 3*r**2 - r - 7. What is the tens digit of y(5)?
6
Let l be (1 - -7)*(-1)/2. Let t(g) = -g**3 - 2*g**2 + 6*g + 2. Let o be t(l). Let n = o - -11. What is the tens digit of n?
2
Suppose 0 = -5*b - 4*y - 11 + 5, -2*y = 4*b. Let n(c) = -c**2 + 5*c + 6. Let s be n(5). Suppose -u - b*u = -s. What is the units digit of u?
2
Let w(g) = -3*g + 2*g - 2 - 5*g + 4*g. Suppose 5*v + 8 = -2. What is the units digit of w(v)?
2
Suppose 0 = -2*q - 2*h + 6*h + 216, 0 = 3*h + 12. What is the tens digit of q?
0
Suppose 4*t = t + 15, -3*h + 4*t = 5. What is the units digit of h?
5
Suppose -4*h - 12 = 0, 0*h - h = -j + 138. What is the tens digit of j?
3
Suppose 2*h + 2*h = -2*z + 1072, -3*z + 6 = 0. What is the hundreds digit of h?
2
Let d(j) be the third derivative of j**5/60 + j**4/24 - 4*j**3/3 - 2*j**2. Let b be d(6). What is the units digit of 2/12 + b/12?
3
Suppose -2*a + 10 = 3*a. What is the units digit of (a - 0) + 3/(-3)?
1
Let k(p) = -9*p + 1. Suppose -2*s = 2*c - 7*c - 13, 2 = 2*c + s. What is the tens digit of k(c)?
1
Let n(p) = -p**3 + 4*p**2 - 2*p. Let k be n(3). Let f(a) = a**3 - 4*a**2 + 4*a - 3. Let j be f(k). Let m = j - -8. What is the units digit of m?
8
Let v = -3 - -5. Suppose 2*b - 5*a + 11 = 0, -v*a - 2*a = -2*b - 8. What is the units digit of b?
2
Suppose u + 0*r - 4 = -4*r, -3*u - r = 21. Suppose x + 10 = -0*x - 5*j, -8 = 4*j. Let o = x - u. What is the units digit of o?
8
Let n(i) = 192*i**2 + 2*i + 2. What is the tens digit of n(-1)?
9
Suppose -y + 4*y + 20 = 2*b, 5*b = 3*y + 32. Suppose b*u - 8*u = -92. What is the tens digit of u?
2
Suppose -4*a + 12*a - 232 = 0. What is the tens digit of a?
2
Suppose 27*t - 302 = 25*t. What is the units digit of t?
1
Suppose 125 = 3*d - 5*n + 42, -3*n - 107 = -4*d. What is the units digit of d?
6
What is the tens digit of ((-9)/4)/(2/(-40))?
4
Suppose 4*t + 0*t - 320 = 0. Suppose -1 = -y + 1, 5*y - t = -2*v. What is the tens digit of v?
3
Let l(v) = -v**3 + 8*v**2 + 10*v - 2. Let d(b) = 2*b + 3. Let c be d(3). What is the units digit of l(c)?
7
Suppose 72 = 7*d - 82. What is the tens digit of d?
2
Suppose 3*w + 6 - 21 = 0. Suppose 5*v - 5*x = -0*v - 5, 0 = -5*v + x - 13. Let g = w + v. What is the units digit of g?
2
Let o = -7 - -9. Suppose -86 = -4*q - 2*z, 3*q - o*z = -3*z + 62. What is the units digit of q?
9
Suppose 5*t - d = 56, 2*t - 2*d - 27 = 3*d. Let c = t - 6. Suppose 2*h - b = 4*b + 14, c*h - 4*b = 18. What is the units digit of h?
2
Let c(o) = 2*o**2 + 15*o. Let d be c(-8). Suppose t - 12 = -5*m + 8, 2*t + 4*m - 40 = 0. Let v = t - d. What is the tens digit of v?
1
Let b(o) = 2*o - 6. Let t be b(5). Suppose -d - t = d. What is the units digit of (3 + -1)*(-1)/d?
1
Let q(i) = -i + 23. What is the units digit of q(6)?
7
Suppose 2*o + 8 = -5*r, 3*o = 5*r - 5 - 7. Let s(l) = l**3 + 5*l**2 + 3*l + 4. What is the units digit of s(o)?
8
Let c be 1/((2 + -1)/13). Suppose -p = -0*p + 4*g + c, 3*p + 5*g + 25 = 0. Let x(s) = -2*s - 4. What is the units digit of x(p)?
6
Let d = 83 + -59. What is the units digit of d/(-10)*(2 + -17)?
